he highest common factor of 2583 and 3087?
63
What is the greatest common divisor of 3575 and 7975?
275
Calculate the highest common divisor of 23009 and 95.
19
Calculate the greatest common factor of 7 and 5518527.
7
What is the greatest common divisor of 234 and 56433?
39
What is the highest common factor of 8 and 1934984?
8
What is the highest common divisor of 15466 and 46816?
418
Calculate the greatest common factor of 741 and 19437.
57
Calculate the greatest common divisor of 586350 and 350.
50
What is the greatest common factor of 47 and 1091293?
47
Calculate the highest common divisor of 124 and 1904516.
124
Calculate the highest common divisor of 2 and 233705.
1
What is the highest common divisor of 6006 and 1859?
143
What is the highest common factor of 117832 and 5304?
104
What is the greatest common factor of 1360 and 434160?
80
What is the greatest common divisor of 125166 and 6?
6
Calculate the greatest common divisor of 70 and 8589.
7
What is the greatest common divisor of 8341 and 456?
19
What is the greatest common factor of 59251 and 579?
193
Calculate the greatest common factor of 5481 and 957.
87
Calculate the highest common divisor of 57325 and 25.
25
Calculate the highest common factor of 352 and 715872.
32
What is the greatest common factor of 2 and 6781?
1
Calculate the greatest common factor of 29915 and 85.
5
What is the greatest common divisor of 452 and 46?
2
Calculate the greatest common factor of 1840 and 4784.
368
Calculate the greatest common factor of 7380 and 301596.
492
Calculate the highest common divisor of 28 and 23156.
28
Calculate the greatest common factor of 584 and 24017.
73
What is the greatest common divisor of 4484 and 9912?
236
What is the highest common divisor of 10766 and 98?
14
What is the greatest common factor of 36060 and 96?
12
What is the greatest common divisor of 198800 and 70?
70
What is the highest common factor of 207614 and 22?
22
What is the greatest common divisor of 4104 and 1944?
216
What is the highest common factor of 297938 and 1866?
622
What is the highest common divisor of 1154619 and 27?
9
What is the highest common divisor of 944426 and 483?
161
What is the highest common divisor of 5546 and 13160?
94
Calculate the highest common factor of 44 and 87.
1
Calculate the highest common divisor of 174961 and 46.
23
What is the highest common divisor of 665256 and 106?
106
What is the greatest common factor of 35 and 6839?
7
What is the greatest common divisor of 17577 and 2079?
189
What is the greatest common factor of 2622 and 8322?
114
What is the highest common divisor of 4064 and 27178?
254
What is the greatest common factor of 146 and 14746?
146
What is the highest common factor of 93595 and 20?
5
What is the highest common divisor of 216 and 1208?
8
Calculate the greatest common divisor of 42 and 351246.
42
What is the highest common divisor of 10967 and 649?
11
Calculate the highest common divisor of 411000 and 400.
200
What is the greatest common factor of 8614 and 2336?
146
Calculate the highest common factor of 906 and 142.
2
Calculate the highest common factor of 24 and 12670296.
24
Calculate the greatest common divisor of 107 and 6701303.
107
What is the highest common divisor of 2623860 and 360?
180
Calculate the greatest common divisor of 111 and 7881.
111
What is the highest common divisor of 405 and 168465?
15
Calculate the greatest common factor of 90 and 76914.
18
Calculate the highest common divisor of 1045 and 702449.
209
What is the highest common factor of 27 and 2704077?
27
What is the highest common divisor of 32 and 16658?
2
Calculate the highest common factor of 5504837 and 169.
169
What is the highest common factor of 152 and 20824?
152
Calculate the greatest common factor of 6 and 3040854.
6
What is the highest common divisor of 3906 and 34069?
217
What is the greatest common factor of 9630 and 24824?
214
Calculate the greatest common factor of 610 and 369965.
305
Calculate the greatest common divisor of 680 and 113730.
170
What is the highest common divisor of 28 and 243782?
14
Calculate the highest common divisor of 1863 and 97221.
69
Calculate the greatest common divisor of 475 and 40945.
95
Calculate the greatest common divisor of 47673 and 1764.
9
Calculate the greatest common divisor of 588 and 3024.
84
Calculate the highest common divisor of 37098 and 72.
18
Calculate the highest common divisor of 660169 and 92.
23
Calculate the highest common divisor of 1536 and 12912.
48
Calculate the highest common factor of 1086 and 572684.
362
What is the greatest common divisor of 12690 and 1905?
15
What is the greatest common factor of 372 and 27936?
12
What is the greatest common factor of 1404 and 23634?
234
What is the greatest common factor of 346540 and 20?
20
What is the highest common divisor of 11089 and 533?
13
Calculate the highest common factor of 195 and 12831.
39
Calculate the greatest common divisor of 146103 and 93.
93
What is the greatest common factor of 99 and 8334?
9
What is the highest common divisor of 190892 and 260?
52
What is the greatest common factor of 64584 and 2316?
12
Calculate the highest common divisor of 4903239 and 93.
93
What is the highest common divisor of 231 and 5181?
33
Calculate the greatest common factor of 1222 and 1750562.
94
What is the highest common divisor of 189 and 17262?
63
What is the highest common divisor of 18 and 1260999?
9
What is the highest common divisor of 51 and 15623?
17
What is the highest common divisor of 327155 and 531?
59
What is the greatest common factor of 3203208 and 16?
8
Calculate the greatest common divisor of 7193 and 2.
1
What is the highest common factor of 35 and 45085?
5
Calculate the highest common factor of 334386 and 6552.
234
Calculate the highest common divisor of 17000 and 145000.
1000
Calculate the highest common factor of 216400 and 400.
400
What is the highest common divisor of 551030 and 70?
10
What is the highest common divisor of 34023 and 471?
3
Calculate the highest common divisor of 66 and 49146.
6
Calculate the highest common divisor of 158157 and 9.
9
What is the greatest common divisor of 31591 and 49?
7
Calculate the greatest common divisor of 12 and 148794.
6
What is the highest common factor of 166 and 93043?
83
What is the highest common divisor of 35 and 7614425?
35
Calculate the highest common factor of 112 and 2618854.
14
What is the greatest common divisor of 27 and 1644651?
27
Calculate the greatest common factor of 10071 and 351.
27
What is the highest common factor of 8 and 3702?
2
Calculate the highest common divisor of 637 and 1703.
13
Calculate the greatest common factor of 42 and 8754.
6
What is the greatest common divisor of 97 and 213109?
97
Calculate the highest common divisor of 1015 and 21745.
5
What is the greatest common factor of 380 and 480?
20
What is the greatest common divisor of 335403 and 24651?
747
What is the highest common divisor of 40000 and 1720?
40
Calculate the greatest common divisor of 203 and 32132.
29
Calculate the highest common divisor of 11075 and 575.
25
What is the highest common factor of 824056 and 96?
8
Calculate the highest common factor of 764 and 209718.
382
Calculate the greatest common factor of 6943032 and 12.
12
Calculate the greatest common divisor of 6230 and 1780.
890
What is the greatest common divisor of 18 and 327150?
18
What is the highest common divisor of 77 and 2937?
11
Calculate the highest common divisor of 297 and 64383.
33
Calculate the highest common factor of 286 and 1549262.
286
What is the greatest common factor of 4066 and 37236?
214
Calculate the greatest common factor of 54 and 897354.
18
What is the highest common divisor of 76225 and 1675?
25
What is the highest common factor of 3564 and 41316?
132
Calculate the highest common divisor of 532 and 14668.
76
What is the highest common divisor of 137324 and 440?
44
Calculate the highest common factor of 336200 and 8.
8
Calculate the greatest common divisor of 17308 and 100.
4
Calculate the greatest common divisor of 18870 and 75.
15
What is the greatest common divisor of 5476 and 2590?
74
Calculate the highest common divisor of 1407 and 609.
21
What is the greatest common factor of 7163 and 1729?
247
What is the greatest common 